4. Give l(o).
1
Let g(k) = -3 - 4*k - 3*k + 3*k. Suppose 2*h = 5*n + 220 + 205, -2*h = -n - 77. Let b = -90 - n. Give g(b).
9
Let t(x) = x + 9. Suppose 5*n = -3*f + 103, 3*f - 2*n - 84 - 5 = 0. Let p = -14 - f. Let l = p - -52. Give t(l).
16
Let b(a) = -10*a**2 - 6*a - 8. Suppose 64 + 4 = -118*k - 168. What is b(k)?
-36
Let h(p) = -181 - 154 - 166 - 170 - 33*p + 782. Give h(3).
12
Suppose -5*m - 10*m - 2*m = 0. Suppose m = 5*w - 847 + 832. Let f(r) = -r**3 + 4*r**2 - 3*r + 3. Determine f(w).
3
Let c be 10/(-5) - (-23)/((-184)/64). Let a(q) = q**2 + 8*q - 24. What is a(c)?
-4
Let f(x) = -x**3 - 10*x**2 + 5*x + 54. Let a = 147 + -157. Let k be f(a). Let l(g) = 2*g - 1. Determine l(k).
7
Let t = -35839 - -35840. Let y(s) = -6 - 6*s + 11*s - 29*s. Let w(r) = r + 1. Let v(b) = -6*w(b) - y(b). What is v(t)?
18
Let y be 4/14 + 1380/21. Let f = 21 - y. Let p = f + 44. Let d(s) = -3*s**3 - s**2 - s - 1. Determine d(p).
2
Let p(o) = -4*o**3 + 23*o**2 + 4*o + 129. Let x(a) = -5*a**3 + 24*a**2 + 134. Let s(n) = 4*p(n) - 3*x(n). Determine s(21).
9
Suppose 0*k = 3*k - 27. Let u(a) = 4*a**3 - 10*a**2 + 10*a - 4. Let j(p) = p**3 + 3. Let b(l) = -3*j(l) + u(l). What is b(k)?
-4
Let n be (7 - 0) + 2/(-2). Let z(u) = -2*u**3 - 4*u**2 - 36*u - 26. Let b be z(-16). Let q(a) = -5*a + 3 - b*a**2 - 4 + 7719*a**2. Determine q(n).
5
Let k(m) be the first derivative of -m**4/4 - 13*m**3/3 + 6*m**2 + 7*m - 1439. What is k(-14)?
35
Let c(f) = 3*f + 1. Let r be 1/(6/(-9)*3/(-14)). Let y be r + -2 + -2 + 6. Suppose -30*w + 27*w - y = 0. Determine c(w).
-8
Let h(i) = -2*i - 4*i + 2*i + 9. Let n(c) = -c**2 + c + 116. Let o be (-528)/(-12)*((-21)/12 - -2). Let y be n(o). Give h(y).
-15
Let l(z) = -23*z**2 + z. Suppose 0 = 42*i - 39*i - 6. Suppose i*q - 96 = -94. Calculate l(q).
-22
Suppose 10*w - 154 = 3*w. Let m = w - 19. Let b(a) = 5*a**2 + 3 + 7*a**m - 2*a**3 - 4*a**3 - 6*a. Calculate b(-6).
3
Suppose -3*t + t = 0. Suppose -81 = -9*j - t*j. Let s(o) = 6 + j*o - 2 - 12*o - o**2. Determine s(-3).
4
Let n(f) = f**2 - 1. Suppose -p - 3 = 5*d, 6*p - 2*p = d - 12. Suppose -2 = 4*a - 2*k, d + 5 = -4*a - k. What is n(a)?
0
Let f(t) = -t**3 - 9*t**2 - 5*t + 25. Let n be f(-8). Let l(r) = -97*r + 196*r + n - 97*r. Give l(4).
9
Let x(m) = 16*m**2 - 34*m - 9. Let v(n) = -11*n**2 + 3*n + 6. Let f(q) = -2*q**2 - q + 1. Let s(w) = 4*f(w) - v(w). Let z(b) = 11*s(b) - 2*x(b). What is z(6)?
-22
Let v(k) = 0*k**3 - 1073 + 1091 - 11*k - 16*k**2 - k**3 + 12*k. Determine v(-16).
2
Let h(j) be the first derivative of j**5/20 - j**4/6 + j**3/6 + 31*j + 23. Let q(d) be the first derivative of h(d). Determine q(1).
0
Let p(b) = -b + b**3 + 121 + 10*b - 244 + 9*b**2 + 118. Let v be 24/(-18)*1*6. Give p(v).
-13
Let w(a) = -5*a - 4. Let y(f) be the first derivative of f**3/3 - 2*f**2 - 168. Let r be y(1). Determine w(r).
11
Let h be (-4)/6 + 10/15 + 25. Let a(o) = -5*o + 0*o - 8*o + o + h + o**2. Let w be a(10). Let q(c) = c**3 - 5*c**2 - 3*c + 1. Give q(w).
-14
Let t(c) = 2*c**2 - 6*c - 7 - c**2 + 0*c**2. Suppose 1074*r + 525 = 1179*r. Give t(r).
-12
Let l(g) = g + 15. Suppose -1 = -3*u - z, 103*u = 99*u - 2*z + 2. Give l(u).
15
Suppose 4*g - 12 = -f, -3*g + 4*f = f + 6. Let l(d) = -g - 3*d + 3 - 5 + 0. Suppose -2*h + 23 = -5*a - h, 4*h - 32 = 5*a. What is l(a)?
8
Let v = -45 - -69. Let k = 52 - v. Suppose 4*n + 0*n = -k. Let z(u) = u**3 + 7*u**2 - 4*u - 10. Calculate z(n).
18
Let n(m) = -m**2 + 3*m - 6. Let x be 2 - (6 - 369) - 7. Suppose -3*z + x - 349 = 0. Give n(z).
-6
Suppose 0 = -2*i - 3*m + 55, -5*m = i - m - 40. Suppose 11*u = 6*u - 2*n + i, 3*n - 23 = -4*u. Let q(o) = -2*o**2 + 2*o - 1. Determine q(u).
-5
Let v be 148/28 + 2/(-7) + 3. Suppose -6*n = -n - 35. Let r(b) = -7*b**2 - n*b**3 + 3*b**3 + 5*b**3 - 4 - 8*b. Determine r(v).
-4
Let g(p) = -p**3 + 13*p**2 - 12*p - 6. Let r(c) = c**3 + 10*c**2 + 23*c + 1. Let y be r(-5). Give g(y).
104
Let s(g) = 13*g**2 + 3*g + 1. Let w(h) = h**2 + h. Let q(y) = -s(y) + 6*w(y). Let p(x) = -x**2 + 7*x + 2. Let n be p(7). What is q(n)?
-23
Suppose -5*o - 2*l = -44, -l + 12 = 3*o - 14. Let r(a) = -2 - 2*a + 3 - 2*a - 2*a**2 + o*a. Calculate r(4).
-15
Let p(h) = h**3 + 3*h**2 - 12*h + 1. Suppose 2*j = -k - 8, 4*k - 9*j + 22 = -7*j. What is p(k)?
-35
Let w(d) = -14*d**2 + 1. Let n(y) = 4*y**2 + 6*y + 18. Let l be n(-4). Let u = 59 - l. What is w(u)?
-13
Let c(h) = -h**3 + 7*h**2 - 27*h + 181. Suppose -16*t + 0 + 112 = 0. Let g be c(t). Let s(y) = -y**3 - 8*y**2 + 3*y + 11. Calculate s(g).
-13
Let d be (87/60 - 65/325)*4. Let b(z) = -z**3 + 6*z**2 - 24*z + 96. Give b(d).
1
Let u(p) = -p**2 - p + 6. Let l(r) = 4*r - 32. Let k be (-4)/24*-2*0. Let j be l(k). Let x = -32 - j. Determine u(x).
6
Suppose -5*g + 9*v = 4*v - 50, v = -g. Suppose 2*d + 3*m - 22 = -0*m, -m = 5*d - 42. Let n(s) = d*s + s - s - 7*s. Calculate n(g).
5
Let w(o) = -7*o**2 + 71*o - 32*o - 4 + 6*o**2 - 14*o - 11. Determine w(21).
69
Let x(l) = 1651*l + 7. Let w(i) = 6054*i + 27. Let b(n) = -3*w(n) + 11*x(n). Let u(r) = 11*r**3 - 2*r**2 + r. Let f be u(1). What is b(f)?
-14
Let d(z) be the third derivative of z**5/60 - z**4/3 + 7*z**3/6 + 878*z**2 + 9*z. Let l = -11 + 15. Suppose 0 = l*o + 2*g + 3*g - 30, 6 = 3*g. Give d(o).
-8
Let g(z) = 7*z**2 + z - 2. Let a be g(3). Let c(n) = -6 - 1 + a*n - 2 - 62*n. Calculate c(14).
19
Let z(y) be the second derivative of y**4/12 - 3*y**3/2 + 5*y**2/2 - y. Suppose 6*b + 5*b = 55. Suppose 38 = 5*s - 3*a, 3*a - 11 = -b*s + 21. What is z(s)?
-9
Let n(p) = 2*p**3 - p**2 - p. Let i(y) = 37*y**3 - 11*y**2 - 21*y - 4. Let c(x) = -i(x) + 18*n(x). Calculate c(-6).
-50
Let r(x) = 4 - 1 - 178*x + 60*x + 60*x + 62*x - 2*x**2. What is r(3)?
-3
Suppose 2773 = -7*f + 778. Let a = f + 289. Let c(o) = o - 3. What is c(a)?
1
Let u(p) = p - 5. Let l(k) = 4*k - 15. Let t(x) = -6*l(x) + 17*u(x). Let j be (2 - 1)/((-6)/(-12)). Let i be t(j). Let g(a) = a + 5. Give g(i).
-4
Let v(r) = -r**3 - r. Let m(s) = -s**2 + 16*s - 50. Let f be m(6). Let a be ((-1 - 4)/f)/(3/12). Calculate v(a).
10
Let s = 496 + -501. Let i(b) be the first derivative of 5*b**2/2 + 12*b + 7. What is i(s)?
-13
Suppose 5*u + 3*b = -2*b - 5, 3*b = u - 19. Suppose -7*w + 9 = -u*w. Suppose 2*x - 3*c = 13, 5*x - 2*x = -3*c - w. Let n(j) = 6*j - 3. Calculate n(x).
9
Let d(l) be the first derivative of -l**4/4 - 3*l**2/2 + 2*l - 679. Give d(-3).
38
Let j(z) be the third derivative of -z**4/24 - z**3 + z**2. Suppose -446*a = -2*b - 441*a + 38, -4*b = a - 10. Calculate j(b).
-10
Suppose 6*t + 0*t = t. Suppose 2*c + 2*c + 20 = t. Let k(b) be the third derivative of -b**4/24 - 5*b**3/6 + 8*b**2. Give k(c).
0
Suppose 10*b + 240 = 50*b. Let i(c) = b + 0 + 21*c**2 + 3*c - 19*c**2 + 3*c. Calculate i(-3).
6
Suppose -3*d + 5*k = -43, -11 + 25 = -d - 4*k. Let t(x) = x**3 - 6*x**2 + 5*x + 8. Calculate t(d).
38
Let n(v) = -v**3 + 3*v**2 + 3*v - 2. Suppose 0 = -2*q + k + 24, 0 = -4*q + k + 60 - 8. Suppose -3*h = -4*c + 1, -31*c + 30*c + q = 2*h. Give n(c).
-6
Let b = -25 - -29. Suppose 2 = 2*f + 4*x, -b*f = -0*x - 3*x - 26. Let w(t) = -t**2 + 7*t + 1. Determine w(f).
11
Let c(k) = -k**3 + 9*k**2 - k + 10. Let a(h) = 5*h**3 + 6*h**2 + 6*h + 23. Let q be a(-4). Let g = 234 + q. Give c(g).
1
Let u(v) be the first derivative of -29*v**2/2 - 3*v + 7777. Determine u(1).
-32
Let i(v) be the second derivative of 2*v**2 + 2*v - 1/12*v**4 + 39 + 4/3*v**3. Give i(8).
4
Let b(j) = -32 + 60*j**2 + 6*j - 21*j + 0*j + 69*j**2 - 130*j**2. What is b(-9)?
22
Suppose 174*y - 975 = -21*y. Let r(j) = 8*j - 47. Calculate r(y).
-7
Let y(b) = -b**2 - 3*b - 1. Let q be ((-56)/5)/((-4)/10). Let d = q - 25. Suppose -4*a = 7 - d. Give y(a).
1
Let p(w) be the third derivative of w**4/2 - w**3/3 + 1058*w**2. Let s(u) = 2*u - 2 - u**2 + u**3 + 2*u**2 + 4 + u**2. Let a be s(-2). What is p(a)?
-26
Let k(t) = 5*t. Let u = -21 - -20. Let h(m) = -20*m. Let p(i) = u*h(i) - 5*k(i). Determine p(-2).
10
Let f(k) = 5*k**3 - 2*k - 1. Let j = -55 - -79. Let t be (-1)/(-3)*(21 - j). Determine f(t).
-4
Let t(a) = 3*a**3 - 1491*a**2 + 1487*a**2 - 4*a**3 + 3 + 6*a. Suppose -4*m + 4 = 24. Give t(m).
-2
Let o(g) = 3*g**2 + 24*g - 8. Let r = 5419 + -5428. Give o(r).
19
Suppose -4*o + 2 = -2*g - 2, -4*o = 5*g + 24. Let b(l) = 28*l**3 - 5*l + 1. Let k(i) = 86*i**3 - 17*i + 4. 